What is the millions digit of 14755647?
4
What is the ten thousands digit of 21681?
2
What is the units digit of 1305845?
5
What is the hundred thousands digit of 836138?
8
What is the millions digit of 1895894?
1
What is the hundred thousands digit of 1418094?
4
What is the thousands digit of 45611?
5
What is the units digit of 28361?
1
What is the millions digit of 1835425?
1
What is the millions digit of 2828528?
2
What is the hundred thousands digit of 609901?
6
What is the hundred thousands digit of 593354?
5
What is the hundreds digit of 1110331?
3
What is the hundreds digit of 418364?
3
What is the hundreds digit of 1462005?
0
What is the hundred thousands digit of 2423149?
4
What is the tens digit of 15390349?
4
What is the units digit of 64288?
8
What is the millions digit of 1211716?
1
What is the hundred thousands digit of 572605?
5
What is the units digit of 4846145?
5
What is the hundreds digit of 7127447?
4
What is the ten thousands digit of 4157937?
5
What is the thousands digit of 879492?
9
What is the hundreds digit of 98592?
5
What is the millions digit of 1579773?
1
What is the thousands digit of 291832?
1
What is the thousands digit of 370391?
0
What is the thousands digit of 288956?
8
What is the hundred thousands digit of 15720692?
7
What is the tens digit of 6612797?
9
What is the units digit of 837305?
5
What is the tens digit of 545174?
7
What is the tens digit of 4029173?
7
What is the hundred thousands digit of 3277308?
2
What is the ten thousands digit of 407798?
0
What is the thousands digit of 60393?
0
What is the hundred thousands digit of 5428472?
4
What is the ten thousands digit of 524754?
2
What is the hundreds digit of 650711?
7
What is the millions digit of 10551101?
0
What is the hundreds digit of 2701586?
5
What is the ten thousands digit of 2623967?
2
What is the millions digit of 1387850?
1
What is the millions digit of 2869057?
2
What is the hundreds digit of 1959926?
9
What is the hundreds digit of 1395316?
3
What is the hundreds digit of 450888?
8
What is the hundred thousands digit of 4604755?
6
What is the ten thousands digit of 2352635?
5
What is the thousands digit of 155393?
5
What is the hundred thousands digit of 14509736?
5
What is the hundreds digit of 20500859?
8
What is the units digit of 4301882?
2
What is the thousands digit of 2127688?
7
What is the hundreds digit of 612716?
7
What is the ten thousands digit of 1434463?
3
What is the thousands digit of 748629?
8
What is the thousands digit of 394798?
4
What is the hundred thousands digit of 1442066?
4
What is the millions digit of 6256964?
6
What is the hundred thousands digit of 17367517?
3
What is the hundreds digit of 256076?
0
What is the tens digit of 365178?
7
What is the hundreds digit of 19949070?
0
What is the units digit of 67837?
7
What is the hundred thousands digit of 762406?
7
What is the units digit of 2111646?
6
What is the millions digit of 1344879?
1
What is the units digit of 52705?
5
What is the units digit of 9531297?
7
What is the hundreds digit of 13253452?
4
What is the units digit of 12446682?
2
What is the ten thousands digit of 63503?
6
What is the units digit of 41617?
7
What is the units digit of 4419432?
2
What is the tens digit of 158735?
3
What is the hundred thousands digit of 2336213?
3
What is the hundred thousands digit of 1356254?
3
What is the ten thousands digit of 472231?
7
What is the units digit of 261356?
6
What is the units digit of 1129306?
6
What is the tens digit of 202562?
6
What is the hundred thousands digit of 596417?
5
What is the hundreds digit of 3336349?
3
What is the ten thousands digit of 450537?
5
What is the ten thousands digit of 10552454?
5
What is the units digit of 810606?
6
What is the hundred thousands digit of 205613?
2
What is the units digit of 756889?
9
What is the tens digit of 15279838?
3
What is the units digit of 23465?
5
What is the tens digit of 329241?
4
What is the hundreds digit of 108603?
6
What is the hundreds digit of 18796620?
6
What is the tens digit of 1511059?
5
What is the ten thousands digit of 654761?
5
What is the hundred thousands digit of 296571?
2
What is the tens digit of 635208?
0
What is the tens digit of 1264257?
5
What is the hundred thousands digit of 1294456?
2
What is the units digit of 185394?
4
What is the ten thousands digit of 805541?
0
What is the ten millions digit of 27010282?
2
What is the thousands digit of 49448?
9
What is the hundred thousands digit of 5727878?
7
What is the ten thousands digit of 11183301?
8
What is the hundred thousands digit of 151080?
1
What is the units digit of 369968?
8
What is the units digit of 10605376?
6
What is the hundreds digit of 555174?
1
What is the ten thousands digit of 194672?
9
What is the units digit of 356968?
8
What is the hundreds digit of 68472?
4
What is the thousands digit of 28400043?
0
What is the hundred thousands digit of 5902575?
9
What is the hundreds digit of 11978544?
5
What is the millions digit of 7476331?
7
What is the thousands digit of 2952231?
2
What is the tens digit of 459389?
8
What is the units digit of 1950978?
8
What is the tens digit of 32310683?
8
What is the units digit of 317213?
3
What is the units digit of 864329?
9
What is the ten thousands digit of 5639254?
3
What is the tens digit of 256429?
2
What is the units digit of 2521682?
2
What is the tens digit of 906742?
4
What is the millions digit of 4673160?
4
What is the thousands digit of 714642?
4
What is the units digit of 1905980?
0
What is the ten thousands digit of 18002?
1
What is the tens digit of 28090?
9
What is the hundred thousands digit of 15956213?
9
What is the tens digit of 4912?
1
What is the units digit of 298691?
1
What is the hundreds digit of 88976?
9
What is the tens digit of 25576?
7
What is the ten thousands digit of 128167?
2
What is the hundred thousands digit of 12201183?
2
What is the tens digit of 13502?
0
What is the tens digit of 275604?
0
What is the units digit of 1166653?
3
What is the ten thousands digit of 8362863?
6
What is the units digit of 7934669?
9
What is the millions digit of 1031977?
1
What is the hundred thousands digit of 19554421?
5
What is the hundreds digit of 267053?
0
What is the hundreds digit of 710833?
8
What is the hundred thousands digit of 147627?
1
What is the thousands digit of 11723406?
3
What is the hundred thousands digit of 223859?
2
What is the hundreds digit of 927731?
7
What is the thousands digit of 800192?
0
What is the hundreds digit of 9043632?
6
What is the tens digit of 725025?
2
What is the ten thousands digit of 629433?
2
What is the hundreds digit of 588486?
4
What is the units digit of 3447540?
0
What is the hundred thousands digit of 27707224?
7
What is the hundreds digit of 689427?
4
What is the units digit of 2978698?
8
What is the ten thousands digit of 24531921?
3
What is the hundred thousands digit of 13681936?
6
What is the hundreds digit of 9735300?
3
What is the units digit of 72110?
0
What is the thousands digit of 122344?
2
What is the hundred thousands digit of 3372193?
3
What is the units digit of 1237105?
5
What is the tens digit of 14748135?
3
What is the thousands digit of 2638468?
8
What is the thousands digit of 1120554?
0
What is the hundreds digit of 19305335?
3
What is the hundred thousands digit of 932476?
9
What is the thousands digit of 1517711?
7
What is the millions digit of 3948206?
3
What is the thousands digit of 2149878?
9
What is the units digit of 902619?
9
What is the units digit of 1747096?
6
What is the hundred thousands digit of 2464157?
4
What is the units digit of 8946203?
3
What is the hundred thousands digit of 12404384?
4
What is the tens digit of 175534?
3
What is the hundreds digit of 636261?
2
What is the tens digit of 23497156?
5
What is the units digit of 210225?
5
What is the units digit of 32433830?
0
What is the hundred thousands digit of 2992528?
9
What is the millions digit of 21345060?
1
What is the hundreds digit of 1413845?
8
What is the ten thousands digit of 140669?
4
What is the millions digit of 4530230?
4
What is the tens digit of 219722?
2
What is the hundred thousands digit of 189318?
1
What is the units digit of 5142718?
8
What is the ten thousands digit of 27146?
2
